
Let v(p) = -p**3 - 5*p**2 - p - 4. Suppose 15 = -h - 2*h. Let b be v(h). What are the prime factors of 41/5 + b/(-5)?
2
List the prime factors of (15512/(-24))/(1/(-3)).
7, 277
Suppose -3*m + 711 = -4*z - 845, 4*m + 3*z - 2108 = 0. List the prime factors of m.
2, 131
Suppose 5*m = 4*w + 2804, m + 0*m + 2*w = 558. Suppose m = -3*c + 7*c. List the prime factors of c.
2, 5, 7
Let c(j) = -1. Let h(s) = 7*s + 5. Let z(m) = 6*c(m) + h(m). Let n be z(1). Let l(i) = -i**2 + 6*i + 6. What are the prime factors of l(n)?
2, 3
Let g be 10/(-45) - (-94)/18. Suppose 4*z = -5*w + 2*z + 14, -g*w + 20 = 5*z. List the prime factors of w.
2
Suppose 2*l + 6*l = 5*l. What are the prime factors of l - 3 - (-104 - 2)?
103
Let y be (10/15)/(2/(-9)). Let p be 123 - (y - (0 + -5)). Suppose -4*i = 0, 3*b - p = i + 47. What are the prime factors of b?
2, 7
Let j(i) = 40*i + 255. Let v be j(-6). Suppose 0 = 2*l - 1 - 3. Suppose 0 = l*r - v - 63. What are the prime factors of r?
3, 13
Let m be ((-15)/20)/((-1)/8). Let u(g) = g**3 - 4*g**2 - 4*g - 3. What are the prime factors of u(m)?
3, 5
Let u(b) = b**2 + 4*b + 1. Let w be u(-5). Suppose -5*k + w = -9. Suppose -46 = -k*x + x. List the prime factors of x.
23
Suppose 2*m + 0*v + 57 = -v, -2*v + 6 = 0. Let q = m - -47. List the prime factors of 68/(-17) + (q - 1).
2, 3
What are the prime factors of ((-2)/(-6))/((-12)/(-3384)) + -1?
3, 31
Let y(s) = -35*s - 2. Let u be y(-1). Let j be 2/11 - 798/u. Let r = -5 - j. What are the prime factors of r?
19
Let u be -2 + 2 + 0 - (-70)/7. Suppose -d = -0*d - u. What are the prime factors of d?
2, 5
Suppose 5*o + 4*n - 25 = 0, 2*n + 15 = 2*o + o. Suppose 0 = -5*p + 3*m + 57 + 167, o*m = p - 58. What are the prime factors of p?
43
Suppose 0 = -2*d - 4333 + 9439. What are the prime factors of d?
3, 23, 37
Suppose 2*k + 5*z - 21 = 0, 1 = 5*k - 4*z - 2. Suppose c + 10 = k*c. List the prime factors of ((-2)/4)/(c/(-50)).
5
Suppose -2*p - 8*z - 42 = -3*z, 0 = 2*p - 2*z + 70. Let r = -26 - p. Suppose -162 - 38 = -r*c. List the prime factors of c.
2, 5
Let r(w) = -7*w - 10. Let x(o) = -o**3 - 6*o**2 - 3*o + 12. Let y be x(-5). Suppose k + 2 = -y. List the prime factors of r(k).
2, 3
Suppose 2*h = -3*h. Let m be h/3 - -4 - 1. Suppose 0*n = m*u + n - 57, -u = -5*n - 19. List the prime factors of u.
19
Let f = -320 + 1941. List the prime factors of f.
1621
Let u = 6 + -3. Suppose 125 = -3*x + 5*k, -u*k = 6*x - x + 197. Let r = 68 + x. List the prime factors of r.
2, 7
Let b(m) = -m**2 - 2*m + 1. Let h be b(-6). Let o = -1 - h. Let d = -7 + o. List the prime factors of d.
3, 5
Suppose n + 3*r + 5 = 0, -n + 13 = -3*r - 0. Let t(p) = 12*p + 2*p**2 - n*p + 7 + p**3 - 11*p**2 + 4. What are the prime factors of t(8)?
11
Let p be (-1 - -1) + 0/1. Suppose v - z = 2*v - 64, p = z + 1. Suppose -2*i = 3*i - v. List the prime factors of i.
13
Let u(g) = 7*g**2 - 146*g + 43. What are the prime factors of u(-13)?
2, 11, 71
Let o = 1786 - 641. List the prime factors of o.
5, 229
Suppose -3*a = -6*a + 5*r + 4, 4*r = a + 1. List the prime factors of -1*(-2)/(-1) + (a - -22).
23
Let y be ((-4 - -2) + 3)*5. Suppose -7*z = -y*z - 54. What are the prime factors of z?
3
Let g(n) = 17*n**2 + 7*n + 0*n**2 - 11*n**2. What are the prime factors of g(5)?
5, 37
Let l be 1098/84*22 - (-3)/7. Let o = l - 172. List the prime factors of o.
2, 29
Let s(o) = o**3 - 4*o**2 - o + 4. Let y be s(5). Let j = y + -20. List the prime factors of j.
2
Let w(u) = 25*u**2 + 27*u - 415. List the prime factors of w(12).
11, 29
Let u(v) = 5*v - 35. What are the prime factors of u(12)?
5
Suppose 33*w = 24*w + 23310. What are the prime factors of w?
2, 5, 7, 37
Let h(a) = 2*a**2 - 2*a + 594. List the prime factors of h(0).
2, 3, 11
Let b = 13 + 19. Suppose -b + 10 = -p - 4*h, -4*h = -16. What are the prime factors of 9/6*68/p?
17
Let x(i) = -3*i**3 - 28*i**2 - 11*i + 40. What are the prime factors of x(-12)?
2, 331
Suppose -l = 4*g - 4182, -2*l + 5*g + 1175 = -7150. What are the prime factors of l?
2, 3, 5, 139
Suppose 0*n = -v - 2*n + 694, -3455 = -5*v + 5*n. Suppose -3*b + r = -521, -2*b + 4*r + v = 2*b. What are the prime factors of b?
2, 3, 29
Suppose -4*n + y = -266 - 834, -1375 = -5*n + 4*y. List the prime factors of n.
5, 11
List the prime factors of 40/(-3)*(104/(-16) + 5).
2, 5
Suppose -2*i + 17*s + 1042 = 14*s, -1042 = -2*i + 5*s. List the prime factors of i.
521
Let b(t) = -171*t**3 + 2*t**2 - 2*t + 1. Let v(c) = 171*c**3 - 2*c**2 + 2*c - 1. Let p(k) = 4*b(k) + 5*v(k). What are the prime factors of p(1)?
2, 5, 17
Let f = -76 - -273. Suppose 6*o - 149 = 3*o - 2*g, 4*o + g - f = 0. List the prime factors of o.
7
Let z be 0/(-4)*(-1)/(-2). Suppose -4*k = 3*j - 7, z = 5*j - j - 3*k - 26. Suppose j*v - 31 = 24. What are the prime factors of v?
11
Suppose 4*n + 52 = 68. Suppose -310 = -n*k + s, -2*k - 3*s = -2*s - 158. What are the prime factors of k?
2, 3, 13
Suppose 3*q - 948 = j - 4*j, -2*q - 953 = -3*j. What are the prime factors of j?
317
Suppose -f = -4 + 2. Suppose 0*v = -v + 5*g + 7, 0 = f*g + 2. What are the prime factors of (v + 0/3)*14?
2, 7
Let g(n) = n**2 - 4*n. Let z be g(4). Let f(d) = 2 + 2*d**2 + z*d + 0*d. List the prime factors of f(3).
2, 5
Let b = -57 - 45. Let s = b - -196. What are the prime factors of s?
2, 47
Let x = 9 - 10. Let n be (x + (-3 - -1))*-1. Suppose -4*a = -2*c - 92, 2*a + n*a = 3*c + 113. What are the prime factors of a?
5
Suppose -11*w + 6 = -8*w. What are the prime factors of w?
2
Let i(r) = r**2 - 5*r. Let y be i(5). Suppose -2*h + 435 = 5*j + h, y = -j + 2*h + 87. What are the prime factors of j?
3, 29
Let k be 6/(-15) - 136/10. Let h = k - -22. Suppose -o = -3*u + 71 + h, 2*u - 4*o = 56. What are the prime factors of u?
2, 13
Let p be (-4 - (1 - -1))/(-2). Suppose 2*b - 5 - p = 0. List the prime factors of 1599/26 + 6/b.
3, 7
Suppose s - 3*s = -y, 0 = -2*s - y + 8. Suppose -s*g + 5*f + 15 = -g, 0 = -3*g + 5*f + 5. List the prime factors of 1 + g + (5 - -1).
2
Suppose -4*n + 4*o - 7*o + 1386 = 0, -5*o = 10. List the prime factors of n.
2, 3, 29
List the prime factors of (-5820)/(-8) - 39/26.
2, 3, 11
List the prime factors of -6 - -9*(-1)/(-12)*172.
3, 41
Let k = 4547 + -2298. What are the prime factors of k?
13, 173
Let w be 252/(-27) + 1/3. Let o = -16 - w. Let r = o + 19. List the prime factors of r.
2, 3
Suppose -2*o + 1996 = 2*g, -2*g = -0*o + 3*o - 1997. What are the prime factors of g?
997
Suppose 3*h - 310 = 8*h. Let x = h + 184. List the prime factors of x.
2, 61
Suppose 2*a - j - 49 = 0, 0 = -2*a - 4*j - 2 + 56. What are the prime factors of a?
5
Let k(v) = v**3 - 10*v**2 + 10*v + 12. Let w be k(9). Let g be 75/21 + 9/w. What are the prime factors of 3/(12/224*g)?
2, 7
What are the prime factors of (16/16)/(1/1497) + -3?
2, 3, 83
Let m(l) = -24*l + 5. Let u(g) = -23*g + 4. Let d(b) = -2*m(b) + 3*u(b). What are the prime factors of d(-2)?
2, 11
Suppose 0 = 29*d - 28*d + 354. Let z = d + 566. List the prime factors of z.
2, 53
Let t = -1005 + 1450. What are the prime factors of t?
5, 89
Let r = -6 - -5. Let q be -1 - r - (-2 + 6). List the prime factors of 4 + (-3 + 3)/q.
2
Suppose 0 = 2*z + 3*q - 1134 - 863, -q + 4009 = 4*z. What are the prime factors of z?
17, 59
Let s(i) = 40*i - 164. List the prime factors of s(5).
2, 3
Let y = 135 - 210. Let u = y + 121. What are the prime factors of u?
2, 23
Let w be (-3)/6*-46 - 6. Suppose 3*f + 27 + 15 = 0. Let t = w + f. What are the prime factors of t?
3
Let u be -8*(-4 + 51/(-2)). Suppose -12*c = -8*c - u. List the prime factors of c.
59
List the prime factors of (14 - -15)*(1 - -157).
2, 29, 79
Suppose 0 = -22*d + 27*d + 4*i - 1748, i - 1405 = -4*d. What are the prime factors of d?
2, 11
Suppose 5122 = -29*p + 41546. What are the prime factors of p?
2, 157
Suppose 906 = 2*y - 2*l, -2*y + 890 = l + l. List the prime factors of y.
449
Let l(q) = -q**2 + 8*q - 7. Let r be l(7). Suppose -10 = -5*u + 5*i, 3*u = -r*u - 2*i - 9. Let m = 9 + u. What are the prime factors of m?
2
Let u(i) = 4*i**3 - 5*i + 3. Let k be u(4). Let r = k + -101. What are the prime factors of r/10 + (-6)/(-30)?
2, 7
Suppose -4*u + 2338 = 2*h, -u + 1769 = 4*h - 2921. What are the prime factors of h?
3, 17, 23
Let u be (-800)/(-375) + (-4)/30. Suppose u*n + 106 - 250 = 0. 